{"id":142,"date":"2016-11-09T10:36:00","date_gmt":"2016-11-09T10:36:00","guid":{"rendered":"http:\/\/quanticalabs.com\/wp_themes2\/portada\/?page_id=142"},"modified":"2023-03-01T13:44:33","modified_gmt":"2023-03-01T16:44:33","slug":"pagina-nao-encontrada","status":"publish","type":"page","link":"https:\/\/danivitoretti.com\/psicanalise\/pagina-nao-encontrada\/","title":{"rendered":"P\u00e1gina n\u00e3o encontrada"},"content":{"rendered":"<div id=\"pb_line_7873B2FFB533AF866C8B9EB4024A28B9\"  class=\"pb-line pb-clear-fix aligncenter\"><ul class=\"pb-layout pb-layout-100 pb-reset-list pb-clear-fix pb-main\"><br \/>\n<li class=\"pb-layout-column-left\"> <div class=\"pb-space-line\"><\/div><div><br \/>\n<h2 class=\"pb-header theme-header-404 pb-margin-bottom-30\"><span class=\"pb-header-content\">404<\/span><\/h2><\/p>\n<div class=\"pb-margin-bottom-50\">Ops! Ainda n\u00e3o h\u00e1 nada relacionado com o conte\u00fado que voc\u00ea est\u00e1 procurando.<br \/>\nContinue navegando pelo site.<\/div>\n<p><div class=\"pb-button pb-button-style-1\" id=\"pb_button_FFF2A5A2A60970F9E6CBA0B6485C70B7\"><a href=\"http:\/\/quanticalabs.com\/wp_themes3\/portada\/\" class=\"pb-window-target-self\" style=\"border-width:0px;border-radius:0px;\"><span class=\"pb-button-box\"><span class=\"pb-button-icon\"><\/span><span class=\"pb-button-content\">P\u00e1gina Principal<\/span><\/span><\/a><\/div><div class=\"pb-script-tag\"><script type=\"text\/javascript\">jQuery(document).ready(function($) {$('#pb_button_FFF2A5A2A60970F9E6CBA0B6485C70B7').PBButton({\"out\":{\"border-width\":\"0px\",\"border-radius\":\"0px\"},\"in\":{\"border-width\":\"0px\",\"border-radius\":\"0px\"}});});<\/script><\/div><br \/>\n<\/div><\/li><br \/>\n<\/ul><\/div><div class=\"pb-script-tag\"><script type=\"text\/javascript\">jQuery(document).ready(function($){$(\"#pb_line_7873B2FFB533AF866C8B9EB4024A28B9\").PBLayout([],0);});<\/script><\/div>\n","protected":false},"excerpt":{"rendered":"","protected":false},"author":1,"featured_media":0,"parent":0,"menu_order":0,"comment_status":"closed","ping_status":"closed","template":"page.php","meta":{"footnotes":""},"class_list":["post-142","page","type-page","status-publish","hentry"],"yoast_head":"<!-- This site is optimized with the Yoast SEO plugin v27.6 - https:\/\/yoast.com\/product\/yoast-seo-wordpress\/ -->\n<title>P\u00e1gina n\u00e3o encontrada - Psican\u00e1lise<\/title>\n<meta name=\"robots\" content=\"index, follow, max-snippet:-1, max-image-preview:large, max-video-preview:-1\" \/>\n<link rel=\"canonical\" href=\"https:\/\/danivitoretti.com\/psicanalise\/pagina-nao-encontrada\/\" \/>\n<meta property=\"og:locale\" content=\"pt_BR\" \/>\n<meta property=\"og:type\" content=\"article\" \/>\n<meta property=\"og:title\" content=\"P\u00e1gina n\u00e3o encontrada - Psican\u00e1lise\" \/>\n<meta property=\"og:url\" content=\"https:\/\/danivitoretti.com\/psicanalise\/pagina-nao-encontrada\/\" \/>\n<meta property=\"og:site_name\" content=\"Psican\u00e1lise\" \/>\n<meta property=\"article:modified_time\" content=\"2023-03-01T16:44:33+00:00\" \/>\n<meta name=\"twitter:card\" content=\"summary_large_image\" \/>\n<meta name=\"twitter:label1\" content=\"Est. tempo de leitura\" \/>\n\t<meta name=\"twitter:data1\" content=\"1 minuto\" \/>\n<script type=\"application\/ld+json\" class=\"yoast-schema-graph\">{\"@context\":\"https:\\\/\\\/schema.org\",\"@graph\":[{\"@type\":\"WebPage\",\"@id\":\"https:\\\/\\\/danivitoretti.com\\\/psicanalise\\\/pagina-nao-encontrada\\\/\",\"url\":\"https:\\\/\\\/danivitoretti.com\\\/psicanalise\\\/pagina-nao-encontrada\\\/\",\"name\":\"P\u00e1gina n\u00e3o encontrada - Psican\u00e1lise\",\"isPartOf\":{\"@id\":\"https:\\\/\\\/danivitoretti.com\\\/psicanalise\\\/#website\"},\"datePublished\":\"2016-11-09T10:36:00+00:00\",\"dateModified\":\"2023-03-01T16:44:33+00:00\",\"breadcrumb\":{\"@id\":\"https:\\\/\\\/danivitoretti.com\\\/psicanalise\\\/pagina-nao-encontrada\\\/#breadcrumb\"},\"inLanguage\":\"pt-BR\",\"potentialAction\":[{\"@type\":\"ReadAction\",\"target\":[\"https:\\\/\\\/danivitoretti.com\\\/psicanalise\\\/pagina-nao-encontrada\\\/\"]}]},{\"@type\":\"BreadcrumbList\",\"@id\":\"https:\\\/\\\/danivitoretti.com\\\/psicanalise\\\/pagina-nao-encontrada\\\/#breadcrumb\",\"itemListElement\":[{\"@type\":\"ListItem\",\"position\":1,\"name\":\"In\u00edcio\",\"item\":\"https:\\\/\\\/danivitoretti.com\\\/psicanalise\\\/\"},{\"@type\":\"ListItem\",\"position\":2,\"name\":\"P\u00e1gina n\u00e3o encontrada\"}]},{\"@type\":\"WebSite\",\"@id\":\"https:\\\/\\\/danivitoretti.com\\\/psicanalise\\\/#website\",\"url\":\"https:\\\/\\\/danivitoretti.com\\\/psicanalise\\\/\",\"name\":\"Psican\u00e1lise\",\"description\":\"Psicologia Cl\u00ednica - Daniela Vitoretti CRP 05\\\/27107\",\"publisher\":{\"@id\":\"https:\\\/\\\/danivitoretti.com\\\/psicanalise\\\/#\\\/schema\\\/person\\\/87c74e41242a0e33c964870080c20dcd\"},\"potentialAction\":[{\"@type\":\"SearchAction\",\"target\":{\"@type\":\"EntryPoint\",\"urlTemplate\":\"https:\\\/\\\/danivitoretti.com\\\/psicanalise\\\/?s={search_term_string}\"},\"query-input\":{\"@type\":\"PropertyValueSpecification\",\"valueRequired\":true,\"valueName\":\"search_term_string\"}}],\"inLanguage\":\"pt-BR\"},{\"@type\":[\"Person\",\"Organization\"],\"@id\":\"https:\\\/\\\/danivitoretti.com\\\/psicanalise\\\/#\\\/schema\\\/person\\\/87c74e41242a0e33c964870080c20dcd\",\"name\":\"Dani\",\"image\":{\"@type\":\"ImageObject\",\"inLanguage\":\"pt-BR\",\"@id\":\"http:\\\/\\\/danivitoretti.com\\\/psicanalise\\\/wp-content\\\/uploads\\\/2023\\\/03\\\/vitoretti-dani-psicologa.jpg\",\"url\":\"http:\\\/\\\/danivitoretti.com\\\/psicanalise\\\/wp-content\\\/uploads\\\/2023\\\/03\\\/vitoretti-dani-psicologa.jpg\",\"contentUrl\":\"http:\\\/\\\/danivitoretti.com\\\/psicanalise\\\/wp-content\\\/uploads\\\/2023\\\/03\\\/vitoretti-dani-psicologa.jpg\",\"width\":520,\"height\":520,\"caption\":\"Dani\"},\"logo\":{\"@id\":\"http:\\\/\\\/danivitoretti.com\\\/psicanalise\\\/wp-content\\\/uploads\\\/2023\\\/03\\\/vitoretti-dani-psicologa.jpg\"},\"sameAs\":[\"https:\\\/\\\/teal-goldfish-436582.hostingersite.com\\\/psicanalise\"]}]}<\/script>\n<!-- \/ Yoast SEO plugin. -->","yoast_head_json":{"title":"P\u00e1gina n\u00e3o encontrada - Psican\u00e1lise","robots":{"index":"index","follow":"follow","max-snippet":"max-snippet:-1","max-image-preview":"max-image-preview:large","max-video-preview":"max-video-preview:-1"},"canonical":"https:\/\/danivitoretti.com\/psicanalise\/pagina-nao-encontrada\/","og_locale":"pt_BR","og_type":"article","og_title":"P\u00e1gina n\u00e3o encontrada - Psican\u00e1lise","og_url":"https:\/\/danivitoretti.com\/psicanalise\/pagina-nao-encontrada\/","og_site_name":"Psican\u00e1lise","article_modified_time":"2023-03-01T16:44:33+00:00","twitter_card":"summary_large_image","twitter_misc":{"Est. tempo de leitura":"1 minuto"},"schema":{"@context":"https:\/\/schema.org","@graph":[{"@type":"WebPage","@id":"https:\/\/danivitoretti.com\/psicanalise\/pagina-nao-encontrada\/","url":"https:\/\/danivitoretti.com\/psicanalise\/pagina-nao-encontrada\/","name":"P\u00e1gina n\u00e3o encontrada - Psican\u00e1lise","isPartOf":{"@id":"https:\/\/danivitoretti.com\/psicanalise\/#website"},"datePublished":"2016-11-09T10:36:00+00:00","dateModified":"2023-03-01T16:44:33+00:00","breadcrumb":{"@id":"https:\/\/danivitoretti.com\/psicanalise\/pagina-nao-encontrada\/#breadcrumb"},"inLanguage":"pt-BR","potentialAction":[{"@type":"ReadAction","target":["https:\/\/danivitoretti.com\/psicanalise\/pagina-nao-encontrada\/"]}]},{"@type":"BreadcrumbList","@id":"https:\/\/danivitoretti.com\/psicanalise\/pagina-nao-encontrada\/#breadcrumb","itemListElement":[{"@type":"ListItem","position":1,"name":"In\u00edcio","item":"https:\/\/danivitoretti.com\/psicanalise\/"},{"@type":"ListItem","position":2,"name":"P\u00e1gina n\u00e3o encontrada"}]},{"@type":"WebSite","@id":"https:\/\/danivitoretti.com\/psicanalise\/#website","url":"https:\/\/danivitoretti.com\/psicanalise\/","name":"Psican\u00e1lise","description":"Psicologia Cl\u00ednica - Daniela Vitoretti CRP 05\/27107","publisher":{"@id":"https:\/\/danivitoretti.com\/psicanalise\/#\/schema\/person\/87c74e41242a0e33c964870080c20dcd"},"potentialAction":[{"@type":"SearchAction","target":{"@type":"EntryPoint","urlTemplate":"https:\/\/danivitoretti.com\/psicanalise\/?s={search_term_string}"},"query-input":{"@type":"PropertyValueSpecification","valueRequired":true,"valueName":"search_term_string"}}],"inLanguage":"pt-BR"},{"@type":["Person","Organization"],"@id":"https:\/\/danivitoretti.com\/psicanalise\/#\/schema\/person\/87c74e41242a0e33c964870080c20dcd","name":"Dani","image":{"@type":"ImageObject","inLanguage":"pt-BR","@id":"http:\/\/danivitoretti.com\/psicanalise\/wp-content\/uploads\/2023\/03\/vitoretti-dani-psicologa.jpg","url":"http:\/\/danivitoretti.com\/psicanalise\/wp-content\/uploads\/2023\/03\/vitoretti-dani-psicologa.jpg","contentUrl":"http:\/\/danivitoretti.com\/psicanalise\/wp-content\/uploads\/2023\/03\/vitoretti-dani-psicologa.jpg","width":520,"height":520,"caption":"Dani"},"logo":{"@id":"http:\/\/danivitoretti.com\/psicanalise\/wp-content\/uploads\/2023\/03\/vitoretti-dani-psicologa.jpg"},"sameAs":["https:\/\/teal-goldfish-436582.hostingersite.com\/psicanalise"]}]}},"_links":{"self":[{"href":"https:\/\/danivitoretti.com\/psicanalise\/wp-json\/wp\/v2\/pages\/142","targetHints":{"allow":["GET"]}}],"collection":[{"href":"https:\/\/danivitoretti.com\/psicanalise\/wp-json\/wp\/v2\/pages"}],"about":[{"href":"https:\/\/danivitoretti.com\/psicanalise\/wp-json\/wp\/v2\/types\/page"}],"author":[{"embeddable":true,"href":"https:\/\/danivitoretti.com\/psicanalise\/wp-json\/wp\/v2\/users\/1"}],"replies":[{"embeddable":true,"href":"https:\/\/danivitoretti.com\/psicanalise\/wp-json\/wp\/v2\/comments?post=142"}],"version-history":[{"count":0,"href":"https:\/\/danivitoretti.com\/psicanalise\/wp-json\/wp\/v2\/pages\/142\/revisions"}],"wp:attachment":[{"href":"https:\/\/danivitoretti.com\/psicanalise\/wp-json\/wp\/v2\/media?parent=142"}],"curies":[{"name":"wp","href":"https:\/\/api.w.org\/{rel}","templated":true}]}}